63
Calculate the greatest common factor of 170 and 2.
2
What is the greatest common divisor of 32 and 216?
8
Calculate the greatest common divisor of 145 and 116.
29
What is the highest common divisor of 45 and 171?
9
Calculate the highest common divisor of 188 and 1081.
47
Calculate the highest common divisor of 9 and 63.
9
Calculate the highest common divisor of 50 and 95350.
50
What is the highest common factor of 793 and 122?
61
Calculate the highest common divisor of 8 and 8.
8
What is the greatest common factor of 138 and 736?
46
Calculate the greatest common divisor of 368 and 112.
16
Calculate the highest common divisor of 316 and 8.
4
Calculate the greatest common factor of 55958 and 294.
98
What is the greatest common factor of 319 and 11?
11
Calculate the greatest common factor of 906 and 6.
6
What is the highest common divisor of 88 and 40?
8
Calculate the greatest common factor of 320 and 96.
32
Calculate the greatest common factor of 3116 and 76.
76
Calculate the highest common factor of 784 and 154.
14
Calculate the highest common factor of 1798 and 124.
62
What is the greatest common factor of 580 and 20?
20
Calculate the greatest common factor of 40 and 670.
10
Calculate the highest common divisor of 60 and 1460.
20
What is the greatest common factor of 736 and 32?
32
What is the greatest common factor of 38 and 3686?
38
Calculate the highest common factor of 185 and 2109.
37
Calculate the highest common factor of 5088 and 477.
159
Calculate the greatest common factor of 62 and 992.
62
What is the highest common factor of 222 and 12?
6
What is the greatest common factor of 169 and 7267?
169
What is the greatest common factor of 35 and 13405?
35
What is the highest common factor of 38 and 342?
38
What is the highest common factor of 799 and 68?
17
What is the greatest common divisor of 7 and 1561?
7
Calculate the highest common factor of 3358 and 146.
146
Calculate the highest common factor of 42 and 4278.
6
Calculate the greatest common divisor of 154 and 84.
14
What is the highest common divisor of 88 and 110?
22
What is the highest common divisor of 177 and 9381?
177
Calculate the greatest common divisor of 4212 and 104.
52
Calculate the highest common factor of 66 and 66.
66
Calculate the greatest common divisor of 5 and 3.
1
What is the greatest common factor of 612 and 527?
17
What is the highest common factor of 30 and 15?
15
Calculate the greatest common factor of 6 and 67.
1
Calculate the greatest common factor of 208 and 611.
13
What is the greatest common factor of 312 and 3016?
104
What is the highest common divisor of 16 and 184?
8
Calculate the greatest common factor of 84 and 732.
12
What is the greatest common factor of 1136 and 32?
16
Calculate the highest common divisor of 28 and 112.
28
Calculate the highest common factor of 66 and 1034.
22
What is the greatest common factor of 187 and 528?
11
Calculate the highest common factor of 792 and 1089.
99
What is the highest common factor of 31 and 30783?
31
Calculate the greatest common divisor of 864 and 54.
54
What is the highest common divisor of 9605 and 255?
85
What is the greatest common factor of 45 and 666?
9
What is the greatest common divisor of 144 and 38736?
144
Calculate the highest common divisor of 3000 and 840.
120
Calculate the greatest common divisor of 22 and 352.
22
Calculate the greatest common divisor of 40 and 80.
40
What is the greatest common factor of 6 and 24?
6
What is the highest common factor of 18 and 387?
9
Calculate the greatest common factor of 45 and 885.
15
Calculate the highest common factor of 1195 and 5.
5
What is the greatest common divisor of 144 and 36?
36
What is the highest common factor of 81 and 324?
81
Calculate the highest common divisor of 26 and 91.
13
Calculate the highest common divisor of 24 and 1380.
12
What is the highest common divisor of 20358 and 13?
13
What is the highest common divisor of 1470 and 120?
30
Calculate the highest common divisor of 4403 and 185.
37
What is the highest common factor of 54 and 4?
2
What is the greatest common factor of 84 and 4452?
84
Calculate the highest common divisor of 108 and 4.
4
Calculate the greatest common divisor of 366 and 4575.
183
Calculate the highest common factor of 5302 and 154.
22
Calculate the highest common factor of 41 and 3.
1
What is the greatest common factor of 13 and 7813?
13
What is the greatest common divisor of 1296 and 17820?
324
What is the greatest common factor of 63 and 56?
7
Calculate the greatest common divisor of 534 and 12549.
267
What is the highest common divisor of 539 and 14?
7
Calculate the highest common divisor of 228 and 7353.
57
What is the greatest common factor of 381 and 9?
3
Calculate the greatest common factor of 1095 and 15.
15
Calculate the highest common factor of 9693 and 54.
27
What is the highest common divisor of 432 and 112?
16
Calculate the highest common divisor of 9620 and 104.
52
Calculate the greatest common factor of 129 and 3.
3
What is the highest common divisor of 365 and 584?
73
What is the greatest common factor of 240 and 1280?
80
Calculate the highest common factor of 20 and 190.
10
What is the highest common factor of 288 and 54?
18
Calculate the highest common factor of 1023 and 33.
33
What is the highest common factor of 25 and 500?
25
What is the greatest common divisor of 27 and 135?
27
Calculate the greatest common factor of 260 and 416.
52
What is the highest common factor of 4602 and 234?
78
Calculate the highest common factor of 268 and 4.
4
Calculate the greatest common factor of 20382 and 129.
129
What is the highest common divisor of 3096 and 43?
43
What is the greatest common divisor of 59 and 128561?
59
Calculate the highest common divisor of 11552 and 32.
32
Calculate the greatest common factor of 30 and 130.
10
What is the highest common factor of 9021 and 279?
93
Calculate the greatest common factor of 3332 and 1176.
196
What is the highest common factor of 5121 and 45?
9
Calculate the greatest common factor of 24 and 8.
8
What is the highest common factor of 93 and 31?
31
Calculate the greatest common divisor of 465 and 2511.
93
Calculate the greatest common divisor of 1368 and 16.
8
Calculate the greatest common factor of 13076 and 112.
28
Calculate the highest common factor of 7936 and 384.
128
What is the highest common divisor of 93 and 124?
31
What is the greatest common factor of 56 and 434?
14
Calculate the highest common divisor of 490 and 210.
70
What is the greatest common divisor of 20 and 130?
10
Calculate the highest common factor of 2743 and 633.
211
Calculate the greatest common divisor of 72 and 3447.
9
What is the greatest common divisor of 126 and 369?
9
What is the greatest common factor of 7437 and 2010?
201
What is the greatest common divisor of 8 and 964?
4
What is the greatest common divisor of 234 and 9?
9
What is the greatest common factor of 29 and 104748?
29
Calculate the highest common factor of 8 and 3288.
8
Calculate the highest common divisor of 572 and 22.
22
What is the highest common divisor of 13336 and 16?
8
Calculate the greatest common divisor of 231 and 168.
21
What is the greatest common factor of 2304 and 126?
18
What is the greatest common factor of 1498 and 14?
14
What is the highest common factor of 28925 and 325?
325
What is the greatest common divisor of 3 and 624?
3
What is the greatest common divisor of 425 and 75?
25
What is the highest common factor of 485 and 291?
97
What is the highest common divisor of 140 and 84?
28
What is the highest common factor of 288 and 9?
9
Calculate the highest common divisor of 216 and 27.
27
What is the highest common divisor of 52 and 26?
26
Calculate the highest common factor of 60 and 255.
15
Calculate the highest common divisor of 3563 and 7.
7
What is the greatest common divisor of 215 and 5?
5
What is the highest common divisor of 780 and 4485?
195
Calculate the greatest common factor of 255 and 10.
5
Calculate the greatest common divisor of 2 and 16.
2
Calculate the greatest common factor of 4 and 292.
4
Calculate the highest common divisor of 70 and 1120.
70
Calculate the greatest common factor of 7056 and 144.
144
Calculate the highest common divisor of 108 and 4.
4
Calculate the highest common